 + (-9)/(-7). Is j(h) a prime number?
False
Let n = 216 - 152. Let s = 117 - n. Is s composite?
False
Let p be (1*-627)/(-3)*-1. Is (0 - p)/(-4 - -5) prime?
False
Let s(z) = 132*z - 15. Is s(8) prime?
False
Let q(o) be the third derivative of o**6/120 + o**5/15 + o**4/8 + o**3/3 - 9*o**2. Is q(-3) composite?
False
Suppose 53 = 7*d - 38. Is d composite?
False
Suppose 860 = b + 3*b + 4*q, -2*b + 5*q = -409. Suppose 5*h = 4*h + b. Suppose -h = -3*d - d. Is d composite?
False
Let b(g) = 7*g**3 - 3*g**2 - 3*g - 6. Let a(d) = 6*d**3 - 3*d**2 - 3*d - 7. Let h(v) = 3*a(v) - 4*b(v). Is h(-2) composite?
False
Let k = 4192 + -2331. Is k a prime number?
True
Let i(s) = -s**2 - s + 211. Is i(0) a composite number?
False
Let m be (6/(-3))/(4/(-534)). Is 2/(6/1)*m a prime number?
True
Let q be 4/6 - 196/(-12). Suppose -q = -i - 4*z, 5*i - 2*z - 122 = i. Let b = i + -15. Is b composite?
True
Let k(g) = -246*g - 5. Let i(o) = o**3 - 2*o**2 - o. Let a be i(2). Is k(a) composite?
False
Suppose -j + 197 = 5*o + 8, -2*j - 4*o + 360 = 0. Let n = -117 + j. Is n a composite number?
True
Suppose 335 = s - 1062. Is s a composite number?
True
Let p = 1376 + -489. Is p prime?
True
Let l be (-78)/91*(-14)/4. Suppose -l*w + 1257 = -0*w. Is w a composite number?
False
Let v be (-16)/(-10)*(131 + -1). Suppose -h + u = -v, 13 + 7 = -4*u. Is h a prime number?
False
Let m be 4/6 + 796/(-6). Suppose 4*o + w + 137 + 173 = 0, 3*o - 2*w = -227. Let t = o - m. Is t composite?
True
Suppose -2*s - 7 = -5*y - 0*y, s = -2*y + 10. Suppose -1893 = -3*i - 4*o, y*i = -2*i - 3*o + 3166. Is i composite?
True
Suppose 4*w + 4*v + 4396 = 0, -w + 5*v = -3*w - 2201. Is (-4)/(-10) - w/30 a composite number?
False
Let b(m) = 51*m - 5. Is b(6) composite?
True
Let y = -5 - -2. Suppose 5*s = f + 23, 0*f - 2*f + 4*s - 16 = 0. Is (2/y)/(f/(-159)) prime?
True
Let d = 5 + -2. Suppose -v + 4 = d*v. Is (2/((-6)/(-159)))/v a composite number?
False
Suppose -5*x + 10 = l - 5, -3*l + 1 = 4*x. Suppose 0 = x*y - 450 + 74. Suppose 0 = -5*q - 5*o + 6*o + 458, y = q - o. Is q a composite number?
True
Let l(o) = -6*o**3 - 21*o**2 + 15*o + 6. Let c(t) = -t**3 - 4*t**2 + 3*t + 1. Let s(u) = 11*c(u) - 2*l(u). Is s(6) a prime number?
False
Let d = -24 - -39. Suppose 0 = 2*n + n - d. Let w = n - -20. Is w composite?
True
Let s be (-10)/6 - 2/6. Let n be ((-3)/3)/(s/(-8)). Is n/((-12)/27)*1 composite?
True
Let g(h) = h**2 - h - 8. Let b be g(11). Let v = 229 - b. Is v a composite number?
False
Let p(t) = -14*t + 2 + 14*t + t**3. Let u be p(0). Suppose -26 = -u*s - 0*s. Is s composite?
False
Let f(j) = 9*j**2 - 3*j - 33. Is f(8) composite?
True
Let j(k) = -k**2 + 4*k - 1. Let r be j(3). Let z be r/(-2) + (121 - 0). Suppose -4*d + z = -116. Is d a prime number?
True
Suppose 2*s + 2 - 6 = 2*x, -5*s - 3*x = -10. Is (13/s)/(1/6) a prime number?
False
Let v = -81 - -157. Suppose 4*h = 4*c - v, 3*c + h - 25 = -4*h. Is c a prime number?
False
Let o(b) be the first derivative of b**4/4 - 3*b**3 + b**2 - 13*b - 2. Let x be o(9). Suppose -h - 103 = -2*t, x*t + 12 = -3*h + 286. Is t a composite number?
False
Let i(c) = 3*c**2 - 3*c + 1. Let l(a) = -a**2 + 8. Let b be l(0). Suppose -2*m = -0*m + b, r - 5*m - 15 = 0. Is i(r) prime?
False
Suppose -2*d - 4*o - 24 = 0, 3*d + o + 3*o = -32. Is (-420)/(-16) + 2/d a composite number?
True
Let j(s) = -s**3 + 99. Let i be j(0). Suppose u = 46 - 18. Suppose -2*x = -w + u, 3*w + 2*x - i = 9. Is w composite?
True
Suppose 0 = 5*c + 15, 573 = y + 4*y - c. Suppose 175 = 3*t + m, 3*m = 2*t + m - y. Is t a composite number?
True
Let x be (-3)/(2/(48/(-9))). Let l be -2 - (0 + 0 - x). Is l/4*106/3 a composite number?
False
Let a = -4 - -8. Let r(m) = -3 - 12*m**3 - 3*m + 10*m**3 - m - a*m**2. Is r(-4) a prime number?
False
Suppose 0*y + 5*y = 575. Is y/3 - (-10)/15 prime?
False
Let y(r) = 5*r - r**2 - 2*r - 2*r + 7*r. Let w be y(8). Is (-1 - w)/(3/(-651)) a prime number?
False
Suppose 0 = -3*z - 2*z + 4715. Suppose 3*g = 5*r - g - z, 0 = 2*r - 2*g - 378. Is r prime?
False
Let v = -4 - 0. Let y = v + 8. Suppose y*i + i - 635 = 0. Is i prime?
True
Let v be (-3 + (-38)/(-6))*6. Is (-55)/2*v/(-25) a composite number?
True
Let d(m) = 46*m + 13. Is d(8) a prime number?
False
Suppose 0 = -2*u - 17 - 27. Let r = u + 65. Is r a composite number?
False
Let g(s) = -s + 3*s + 20*s**2 - s. Is g(-1) prime?
True
Is 108 - (1/5 - (-96)/(-30)) a composite number?
True
Suppose 0 = -5*s - d + 1994, 4*d + d - 1591 = -4*s. Let q = s - 278. Is q composite?
True
Let a = -6 - 15. Suppose -5*p = -2*p + 162. Let g = a - p. Is g a composite number?
True
Let o = 535 + -54. Suppose -2*s + o - 75 = 0. Is s a prime number?
False
Let p = 3 - 5. Let o be (-4)/p + 7/(-1). Let q(t) = 2*t**2 + 5*t - 6. Is q(o) prime?
True
Let m(o) = -o**3 - o**2 + 5*o - 1. Is m(-6) composite?
False
Is (-4)/10 - (6677/(-5) + -2) prime?
False
Let y be (-1)/5 + 256/(-20). Let t = -35 - y. Is 1 + -1 - (t - -1) a prime number?
False
Let v = 1659 + 1252. Is v a composite number?
True
Let h be 2/(-10) + (-2)/(-10). Let f be 6/((h - 1)/(-1)). Is 0/(-3 - 0) + f a composite number?
True
Suppose 0 = 11*t - 6*t - 635. Is t prime?
True
Let q(u) = 17*u. Let a be q(7). Suppose n - 2*j - a = -0*n, 565 = 5*n + 5*j. Is n composite?
True
Let o = -47 - -94. Is o/2 - 1/2 a prime number?
True
Suppose 7*k - 6*k = 21. Is k prime?
False
Let b(c) = 61*c**2 - 3*c + 13. Is b(4) a prime number?
True
Let m be 0 - (-1 + (1 - 3)). Let h(f) = 29*f**2 + m*f + 1 - 3*f**2 - 2 + 0. Is h(2) composite?
False
Is (1730/(-1))/(-5) - 0 a prime number?
False
Let d(z) = -z**2 + 8*z - 8. Let w be d(6). Suppose 0 = -y - y - w, 5*q + 103 = -4*y. Let r = 56 + q. Is r prime?
True
Is (-6)/(-9) - (-1025)/15 a composite number?
True
Suppose 3*h - k = -0*k - 1, 0 = 2*h + 2*k - 2. Suppose h = -2*z + 6 + 6. Suppose -3*d + 21 = -z. Is d a prime number?
False
Suppose -2*z = 4*v - 334, -v - 2*v + 693 = 4*z. Let c = z - 106. Suppose -3*w - 331 = -5*h, -h + 2*w + c = -w. Is h prime?
False
Let u = 3 - 1. Suppose 0*j = j - 3. Suppose -j*c = -c + v - 52, c = u*v + 26. Is c composite?
True
Let k be (-28 - -3)/(2/(-14)). Suppose 967 = 4*m + k. Suppose -3*o + z + m = 4*z, -z = 1. Is o prime?
True
Suppose 0 = -0*o + 4*o + 4*g - 16, 2*g - 3 = 3*o. Let h(v) = 3*v**2 + v. Let j be h(o). Suppose -69 = -j*y + 439. Is y a prime number?
True
Let z = -106 + 1475. Is z a prime number?
False
Suppose 0*h - 3*h + 1578 = 0. Suppose -h = -4*u - 3*n, -5*u + 2*n + 99 + 570 = 0. Is u a composite number?
True
Let l = -1658 - -3895. Is l a prime number?
True
Suppose 5*d - 230 = -45. Is d a composite number?
False
Let y = 212 + -150. Let k(m) = m + 48. Let n be k(-17). Let t = y - n. Is t composite?
False
Let x(z) be the third derivative of z**5/60 - 7*z**4/24 + 2*z**3/3 + 2*z**2. Let v be x(7). Suppose v*u - d = 65, -u + 55 = 3*u + d. Is u a prime number?
False
Let p(z) = -z**2 + 3*z + 2. Let t be p(3). Suppose 0 = -2*x + 38 + t. Is (-426)/(-10) - (-8)/x composite?
False
Let c be 8/3*15/10. Suppose c*g = 8*g - 668. Is g prime?
True
Suppose 0 = -4*t + 8*z - 4*z + 276, 3*z = -5*t + 313. Suppose t = l - 40. Is (l/(-25))/((-2)/10) composite?
True
Let y(w) be the third derivative of -5*w**4/24 - 7*w**3/6 + w**2. Suppose -6*l = 47 - 11. Is y(l) prime?
True
Is 18875/10*1 - (-3)/2 a composite number?
False
Let i(w) = -114*w + 71. Is i(-30) a prime number?
True
Suppose -13 - 8 = 5*p - 3*w, p + 15 = -3*w. Let y = -3 - p. Is 3/9*y + 82 prime?
True
Suppose 0 = 2*o + 5*r - 4462, -4*o - 5*r + 7335 = -1589. Is o a prime number?
False
Let h(j) = 7*j - 2*j + 2 + 0*j + 3. Is h(6) prime?
False
Let u be 25/(-2)*360/(-25). Let t = u + 221. Is t a prime number?
True
Suppose 0 = 3*j - 2*j + 48. Let g be 2/2 - (-164)/2. Let y = j + g. Is y a prime number?
False
Let w(u) = -u**3 + 6*u**2 + 14*u - 7. Is w(6) prime?
False
Let q = 4 - 1. Let j(s) = q*s**2 - 4 + 4*s - s**2 + 1 + 4. Is j(-6) composite?
True
Suppose -3*b = -2 - 13, 2*b + 51 = p. Suppose z - 8 = p. Suppose -l - 2*l = -z. Is l a composite number?
False
Suppose 12 = 4*y, -2*n + 4*y = -423 + 71. Let h = n - 91. Is h a composite number?
True
Suppose -17*w = -14*w - 12. Suppose 17 + 21 = 2*h + w*d, 5*d = -2*h + 41. Is h prime?
True
Is (1 - -444) + -15 + 19 a composite number?
False
Let u(k) = -k**2 - 2*k +